{"id":478,"date":"2024-10-08T14:21:48","date_gmt":"2024-10-08T14:21:48","guid":{"rendered":"https:\/\/mjoyanedel.com\/?page_id=478"},"modified":"2024-10-08T14:50:14","modified_gmt":"2024-10-08T14:50:14","slug":"mj-oyanedel-2","status":"publish","type":"page","link":"https:\/\/mjoyanedel.com\/","title":{"rendered":"MJ-Oyanedel"},"content":{"rendered":"\t\t<div data-elementor-type=\"wp-page\" data-elementor-id=\"478\" class=\"elementor elementor-478\">\n\t\t\t\t<div class=\"elementor-element elementor-element-1ae6aa90 e-flex e-con-boxed e-con e-parent\" data-id=\"1ae6aa90\" data-element_type=\"container\" data-e-type=\"container\" data-settings=\"{&quot;background_background&quot;:&quot;classic&quot;}\">\n\t\t\t\t\t<div class=\"e-con-inner\">\n\t\t\t\t<div class=\"elementor-element elementor-element-99f4119 elementor-widget elementor-widget-link-in-bio\" data-id=\"99f4119\" data-element_type=\"widget\" data-e-type=\"widget\" data-widget_type=\"link-in-bio.default\">\n\t\t\t\t<div class=\"elementor-widget-container\">\n\t\t\t\t\t\t\t<div class=\"e-link-in-bio e-link-in-bio\">\n\t\t\t<div class=\"e-link-in-bio__content\">\n\n\t\t\t\t\t\t<div class=\"e-link-in-bio__identity\">\n\t\t\t\t\t\t\t\t\t<div class=\"e-link-in-bio__identity-image e-link-in-bio__identity-image-profile has-style-circle\">\n\t\t\t\t\t\t\t<img fetchpriority=\"high\" decoding=\"async\" width=\"300\" height=\"300\" src=\"https:\/\/mjoyanedel.com\/wp-content\/uploads\/2024\/10\/IMG_6516-300x300.jpg\" class=\"e-link-in-bio__identity-image-element\" alt=\"\" srcset=\"https:\/\/mjoyanedel.com\/wp-content\/uploads\/2024\/10\/IMG_6516-300x300.jpg 300w, https:\/\/mjoyanedel.com\/wp-content\/uploads\/2024\/10\/IMG_6516-1024x1024.jpg 1024w, https:\/\/mjoyanedel.com\/wp-content\/uploads\/2024\/10\/IMG_6516-150x150.jpg 150w, https:\/\/mjoyanedel.com\/wp-content\/uploads\/2024\/10\/IMG_6516-768x768.jpg 768w, https:\/\/mjoyanedel.com\/wp-content\/uploads\/2024\/10\/IMG_6516-1536x1536.jpg 1536w, https:\/\/mjoyanedel.com\/wp-content\/uploads\/2024\/10\/IMG_6516-2048x2048.jpg 2048w\" sizes=\"(max-width: 300px) 100vw, 300px\" \/>\t\t\t\t\t\t\t\t\t\t\t\t\t<\/div>\n\t\t\t\t\t\t\t<\/div>\n\t\t\t\t\t<div class=\"e-link-in-bio__bio\">\n\t\t\t\t<h2 class=\"e-link-in-bio__heading\">Mar\u00eda Jos\u00e9 Oyanedel<\/h2>\t\t\t\t<h3 class=\"e-link-in-bio__title\">Consultora RRHH y Coach ACC ICF<\/h3>\t\t\t\t\t\t\t\t<p class=\"e-link-in-bio__description\">Acompa\u00f1o a las organizaciones en el diagn\u00f3stico, dise\u00f1o e implementaci\u00f3n de proyectos de recursos humanos y coaching, brindando asesoramiento a empresas en \u00e1reas como desarrollo organizacional y gesti\u00f3n del talento.<\/p>\t\t\t<\/div>\n\t\t\t\t\t<div class=\"e-link-in-bio__icons has-size-medium\">\n\t\t\t\t\t\t\t<div class=\"e-link-in-bio__icon is-size-medium\">\n\t\t\t\t\t<a href=\"http:\/\/www.linkedin.com\/in\/mariajoseoyanedel\" target=\"_blank\" rel=\"noopener \" aria-label=\"LinkedIn\" class=\"e-link-in-bio__icon-link\">\n\t\t\t\t\t\t<span class=\"e-link-in-bio__icon-svg\">\n\t\t\t\t\t\t\t<svg aria-hidden=\"true\" class=\"e-font-icon-svg e-fab-linkedin-in\" viewBox=\"0 0 448 512\" xmlns=\"http:\/\/www.w3.org\/2000\/svg\"><path d=\"M100.28 448H7.4V148.9h92.88zM53.79 108.1C24.09 108.1 0 83.5 0 53.8a53.79 53.79 0 0 1 107.58 0c0 29.7-24.1 54.3-53.79 54.3zM447.9 448h-92.68V302.4c0-34.7-.7-79.2-48.29-79.2-48.29 0-55.69 37.7-55.69 76.7V448h-92.78V148.9h89.08v40.8h1.3c12.4-23.5 42.69-48.3 87.88-48.3 94 0 111.28 61.9 111.28 142.3V448z\"><\/path><\/svg>\t\t\t\t\t\t<\/span>\n\t\t\t\t\t\t\t\t\t\t\t<\/a>\n\t\t\t\t<\/div>\n\t\t\t\t\t\t\t<div class=\"e-link-in-bio__icon is-size-medium\">\n\t\t\t\t\t<a aria-label=\"WhatsApp\" class=\"e-link-in-bio__icon-link\" href=\"https:\/\/wa.me\/+34605106205\">\n\t\t\t\t\t\t<span class=\"e-link-in-bio__icon-svg\">\n\t\t\t\t\t\t\t<svg aria-hidden=\"true\" class=\"e-font-icon-svg e-fab-whatsapp\" viewBox=\"0 0 448 512\" xmlns=\"http:\/\/www.w3.org\/2000\/svg\"><path d=\"M380.9 97.1C339 55.1 283.2 32 223.9 32c-122.4 0-222 99.6-222 222 0 39.1 10.2 77.3 29.6 111L0 480l117.7-30.9c32.4 17.7 68.9 27 106.1 27h.1c122.3 0 224.1-99.6 224.1-222 0-59.3-25.2-115-67.1-157zm-157 341.6c-33.2 0-65.7-8.9-94-25.7l-6.7-4-69.8 18.3L72 359.2l-4.4-7c-18.5-29.4-28.2-63.3-28.2-98.2 0-101.7 82.8-184.5 184.6-184.5 49.3 0 95.6 19.2 130.4 54.1 34.8 34.9 56.2 81.2 56.1 130.5 0 101.8-84.9 184.6-186.6 184.6zm101.2-138.2c-5.5-2.8-32.8-16.2-37.9-18-5.1-1.9-8.8-2.8-12.5 2.8-3.7 5.6-14.3 18-17.6 21.8-3.2 3.7-6.5 4.2-12 1.4-32.6-16.3-54-29.1-75.5-66-5.7-9.8 5.7-9.1 16.3-30.3 1.8-3.7.9-6.9-.5-9.7-1.4-2.8-12.5-30.1-17.1-41.2-4.5-10.8-9.1-9.3-12.5-9.5-3.2-.2-6.9-.2-10.6-.2-3.7 0-9.7 1.4-14.8 6.9-5.1 5.6-19.4 19-19.4 46.3 0 27.3 19.9 53.7 22.6 57.4 2.8 3.7 39.1 59.7 94.8 83.8 35.2 15.2 49 16.5 66.6 13.9 10.7-1.6 32.8-13.4 37.4-26.4 4.6-13 4.6-24.1 3.2-26.4-1.3-2.5-5-3.9-10.5-6.6z\"><\/path><\/svg>\t\t\t\t\t\t<\/span>\n\t\t\t\t\t\t\t\t\t\t\t<\/a>\n\t\t\t\t<\/div>\n\t\t\t\t\t\t\t<div class=\"e-link-in-bio__icon is-size-medium\">\n\t\t\t\t\t<a aria-label=\"Email\" class=\"e-link-in-bio__icon-link\" href=\"mailto:hola@mjoyanedel.com\">\n\t\t\t\t\t\t<span class=\"e-link-in-bio__icon-svg\">\n\t\t\t\t\t\t\t<svg aria-hidden=\"true\" class=\"e-font-icon-svg e-fas-envelope\" viewBox=\"0 0 512 512\" xmlns=\"http:\/\/www.w3.org\/2000\/svg\"><path d=\"M502.3 190.8c3.9-3.1 9.7-.2 9.7 4.7V400c0 26.5-21.5 48-48 48H48c-26.5 0-48-21.5-48-48V195.6c0-5 5.7-7.8 9.7-4.7 22.4 17.4 52.1 39.5 154.1 113.6 21.1 15.4 56.7 47.8 92.2 47.6 35.7.3 72-32.8 92.3-47.6 102-74.1 131.6-96.3 154-113.7zM256 320c23.2.4 56.6-29.2 73.4-41.4 132.7-96.3 142.8-104.7 173.4-128.7 5.8-4.5 9.2-11.5 9.2-18.9v-19c0-26.5-21.5-48-48-48H48C21.5 64 0 85.5 0 112v19c0 7.4 3.4 14.3 9.2 18.9 30.6 23.9 40.7 32.4 173.4 128.7 16.8 12.2 50.2 41.8 73.4 41.4z\"><\/path><\/svg>\t\t\t\t\t\t<\/span>\n\t\t\t\t\t\t\t\t\t\t\t<\/a>\n\t\t\t\t<\/div>\n\t\t\t\t\t<\/div>\n\t\t\n\t\t<div class=\"e-link-in-bio__ctas has-type-button\">\n\t\t\t\t\t\t\t<a href=\"#\" target=\"_blank\" rel=\"noopener \" class=\"e-link-in-bio__cta is-type-button has-border has-corners-sharp\">\n\t\t\t\t\t\t\t\t\t\t<span class=\"e-link-in-bio__cta-text\">\n\t\t\t\t\t\t*Sitio web en construcci\u00f3n*\t\t\t\t\t<\/span>\n\t\t\t\t<\/a>\n\t\t\t\t\t<\/div>\n\t\t\n\t\t\t<\/div>\n\t\t\t<div class=\"e-link-in-bio__bg\">\n\t\t\t\t<div class=\"e-link-in-bio__bg-overlay\"><\/div>\n\t\t\t<\/div>\n\t\t<\/div>\n\t\t\t\t\t\t<\/div>\n\t\t\t\t<\/div>\n\t\t\t\t\t<\/div>\n\t\t\t\t<\/div>\n\t\t\t\t<\/div>\n\t\t","protected":false},"excerpt":{"rendered":"<p>Mar\u00eda Jos\u00e9 Oyanedel Consultora RRHH y Coach ACC ICF Acompa\u00f1o a las organizaciones en el diagn\u00f3stico, dise\u00f1o e implementaci\u00f3n de proyectos de recursos humanos y coaching, brindando asesoramiento a empresas en \u00e1reas como desarrollo organizacional y gesti\u00f3n del talento. *Sitio web en construcci\u00f3n*<\/p>\n","protected":false},"author":1,"featured_media":0,"parent":0,"menu_order":0,"comment_status":"closed","ping_status":"closed","template":"","meta":{"footnotes":""},"class_list":["post-478","page","type-page","status-publish","hentry"],"yoast_head":"<!-- This site is optimized with the Yoast SEO plugin v27.4 - https:\/\/yoast.com\/product\/yoast-seo-wordpress\/ -->\n<title>MJ-Oyanedel -<\/title>\n<meta name=\"robots\" content=\"index, follow, max-snippet:-1, max-image-preview:large, max-video-preview:-1\" \/>\n<link rel=\"canonical\" href=\"https:\/\/mjoyanedel.com\/\" \/>\n<meta property=\"og:locale\" content=\"es_ES\" \/>\n<meta property=\"og:type\" content=\"article\" \/>\n<meta property=\"og:title\" content=\"MJ-Oyanedel -\" \/>\n<meta property=\"og:description\" content=\"Mar\u00eda Jos\u00e9 Oyanedel Consultora RRHH y Coach ACC ICF Acompa\u00f1o a las organizaciones en el diagn\u00f3stico, dise\u00f1o e implementaci\u00f3n de proyectos de recursos humanos y coaching, brindando asesoramiento a empresas en \u00e1reas como desarrollo organizacional y gesti\u00f3n del talento. *Sitio web en construcci\u00f3n*\" \/>\n<meta property=\"og:url\" content=\"https:\/\/mjoyanedel.com\/\" \/>\n<meta property=\"article:modified_time\" content=\"2024-10-08T14:50:14+00:00\" \/>\n<meta property=\"og:image\" content=\"https:\/\/mjoyanedel.com\/wp-content\/uploads\/2024\/10\/IMG_6516-300x300.jpg\" \/>\n<meta name=\"twitter:card\" content=\"summary_large_image\" \/>\n<script type=\"application\/ld+json\" class=\"yoast-schema-graph\">{\"@context\":\"https:\\\/\\\/schema.org\",\"@graph\":[{\"@type\":\"WebPage\",\"@id\":\"https:\\\/\\\/mjoyanedel.com\\\/\",\"url\":\"https:\\\/\\\/mjoyanedel.com\\\/\",\"name\":\"MJ-Oyanedel -\",\"isPartOf\":{\"@id\":\"https:\\\/\\\/mjoyanedel.com\\\/#website\"},\"primaryImageOfPage\":{\"@id\":\"https:\\\/\\\/mjoyanedel.com\\\/#primaryimage\"},\"image\":{\"@id\":\"https:\\\/\\\/mjoyanedel.com\\\/#primaryimage\"},\"thumbnailUrl\":\"https:\\\/\\\/mjoyanedel.com\\\/wp-content\\\/uploads\\\/2024\\\/10\\\/IMG_6516-300x300.jpg\",\"datePublished\":\"2024-10-08T14:21:48+00:00\",\"dateModified\":\"2024-10-08T14:50:14+00:00\",\"breadcrumb\":{\"@id\":\"https:\\\/\\\/mjoyanedel.com\\\/#breadcrumb\"},\"inLanguage\":\"es-CL\",\"potentialAction\":[{\"@type\":\"ReadAction\",\"target\":[\"https:\\\/\\\/mjoyanedel.com\\\/\"]}]},{\"@type\":\"ImageObject\",\"inLanguage\":\"es-CL\",\"@id\":\"https:\\\/\\\/mjoyanedel.com\\\/#primaryimage\",\"url\":\"https:\\\/\\\/mjoyanedel.com\\\/wp-content\\\/uploads\\\/2024\\\/10\\\/IMG_6516-scaled.jpg\",\"contentUrl\":\"https:\\\/\\\/mjoyanedel.com\\\/wp-content\\\/uploads\\\/2024\\\/10\\\/IMG_6516-scaled.jpg\",\"width\":2560,\"height\":2560},{\"@type\":\"BreadcrumbList\",\"@id\":\"https:\\\/\\\/mjoyanedel.com\\\/#breadcrumb\",\"itemListElement\":[{\"@type\":\"ListItem\",\"position\":1,\"name\":\"Portada\",\"item\":\"https:\\\/\\\/mjoyanedel.com\\\/\"},{\"@type\":\"ListItem\",\"position\":2,\"name\":\"MJ-Oyanedel\"}]},{\"@type\":\"WebSite\",\"@id\":\"https:\\\/\\\/mjoyanedel.com\\\/#website\",\"url\":\"https:\\\/\\\/mjoyanedel.com\\\/\",\"name\":\"\",\"description\":\"\",\"potentialAction\":[{\"@type\":\"SearchAction\",\"target\":{\"@type\":\"EntryPoint\",\"urlTemplate\":\"https:\\\/\\\/mjoyanedel.com\\\/?s={search_term_string}\"},\"query-input\":{\"@type\":\"PropertyValueSpecification\",\"valueRequired\":true,\"valueName\":\"search_term_string\"}}],\"inLanguage\":\"es-CL\"}]}<\/script>\n<!-- \/ Yoast SEO plugin. -->","yoast_head_json":{"title":"MJ-Oyanedel -","robots":{"index":"index","follow":"follow","max-snippet":"max-snippet:-1","max-image-preview":"max-image-preview:large","max-video-preview":"max-video-preview:-1"},"canonical":"https:\/\/mjoyanedel.com\/","og_locale":"es_ES","og_type":"article","og_title":"MJ-Oyanedel -","og_description":"Mar\u00eda Jos\u00e9 Oyanedel Consultora RRHH y Coach ACC ICF Acompa\u00f1o a las organizaciones en el diagn\u00f3stico, dise\u00f1o e implementaci\u00f3n de proyectos de recursos humanos y coaching, brindando asesoramiento a empresas en \u00e1reas como desarrollo organizacional y gesti\u00f3n del talento. *Sitio web en construcci\u00f3n*","og_url":"https:\/\/mjoyanedel.com\/","article_modified_time":"2024-10-08T14:50:14+00:00","og_image":[{"url":"https:\/\/mjoyanedel.com\/wp-content\/uploads\/2024\/10\/IMG_6516-300x300.jpg","type":"","width":"","height":""}],"twitter_card":"summary_large_image","schema":{"@context":"https:\/\/schema.org","@graph":[{"@type":"WebPage","@id":"https:\/\/mjoyanedel.com\/","url":"https:\/\/mjoyanedel.com\/","name":"MJ-Oyanedel -","isPartOf":{"@id":"https:\/\/mjoyanedel.com\/#website"},"primaryImageOfPage":{"@id":"https:\/\/mjoyanedel.com\/#primaryimage"},"image":{"@id":"https:\/\/mjoyanedel.com\/#primaryimage"},"thumbnailUrl":"https:\/\/mjoyanedel.com\/wp-content\/uploads\/2024\/10\/IMG_6516-300x300.jpg","datePublished":"2024-10-08T14:21:48+00:00","dateModified":"2024-10-08T14:50:14+00:00","breadcrumb":{"@id":"https:\/\/mjoyanedel.com\/#breadcrumb"},"inLanguage":"es-CL","potentialAction":[{"@type":"ReadAction","target":["https:\/\/mjoyanedel.com\/"]}]},{"@type":"ImageObject","inLanguage":"es-CL","@id":"https:\/\/mjoyanedel.com\/#primaryimage","url":"https:\/\/mjoyanedel.com\/wp-content\/uploads\/2024\/10\/IMG_6516-scaled.jpg","contentUrl":"https:\/\/mjoyanedel.com\/wp-content\/uploads\/2024\/10\/IMG_6516-scaled.jpg","width":2560,"height":2560},{"@type":"BreadcrumbList","@id":"https:\/\/mjoyanedel.com\/#breadcrumb","itemListElement":[{"@type":"ListItem","position":1,"name":"Portada","item":"https:\/\/mjoyanedel.com\/"},{"@type":"ListItem","position":2,"name":"MJ-Oyanedel"}]},{"@type":"WebSite","@id":"https:\/\/mjoyanedel.com\/#website","url":"https:\/\/mjoyanedel.com\/","name":"","description":"","potentialAction":[{"@type":"SearchAction","target":{"@type":"EntryPoint","urlTemplate":"https:\/\/mjoyanedel.com\/?s={search_term_string}"},"query-input":{"@type":"PropertyValueSpecification","valueRequired":true,"valueName":"search_term_string"}}],"inLanguage":"es-CL"}]}},"_links":{"self":[{"href":"https:\/\/mjoyanedel.com\/index.php\/wp-json\/wp\/v2\/pages\/478","targetHints":{"allow":["GET"]}}],"collection":[{"href":"https:\/\/mjoyanedel.com\/index.php\/wp-json\/wp\/v2\/pages"}],"about":[{"href":"https:\/\/mjoyanedel.com\/index.php\/wp-json\/wp\/v2\/types\/page"}],"author":[{"embeddable":true,"href":"https:\/\/mjoyanedel.com\/index.php\/wp-json\/wp\/v2\/users\/1"}],"replies":[{"embeddable":true,"href":"https:\/\/mjoyanedel.com\/index.php\/wp-json\/wp\/v2\/comments?post=478"}],"version-history":[{"count":35,"href":"https:\/\/mjoyanedel.com\/index.php\/wp-json\/wp\/v2\/pages\/478\/revisions"}],"predecessor-version":[{"id":540,"href":"https:\/\/mjoyanedel.com\/index.php\/wp-json\/wp\/v2\/pages\/478\/revisions\/540"}],"wp:attachment":[{"href":"https:\/\/mjoyanedel.com\/index.php\/wp-json\/wp\/v2\/media?parent=478"}],"curies":[{"name":"wp","href":"https:\/\/api.w.org\/{rel}","templated":true}]}}